6 + (-2 - 5)).
-3
What is -2 + (7 - (1 + 3 + -1))?
2
-9 + 12 + 2 + -9
-4
7 - -3 - (-6 + 17 + -7)
6
What is the value of 0 + 7 + -5 + -10 + 18?
10
Evaluate -8 + 12 + (2 - (1 + 1)).
4
What is 9 + -5 + -10 + -1?
-7
What is 1 + (6 - 12) - (-3 - -1)?
-3
What is the value of 7 + (-5 + 6 - (3 + -2))?
7
What is the value of -22 - -19 - (-2 - (1 - -1))?
1
Calculate 28 + -24 + (-3 - 4).
-3
-9 - (7 + 4 + -12) - -1
-7
What is 1 + -1 + 4 + -8?
-4
Calculate (-2 - -4) + -3 - (-2 + 3).
-2
What is the value of -4 - (1 - 5) - -2?
2
Calculate -3 - (1 - (7 + -4 + 0)).
-1
Calculate -5 - (-12 + 3 + 5).
-1
(-8 - -5) + -7 + 5
-5
-1 + 3 + (-14 + 35 - 21)
2
Evaluate (1 - -9) + -3 + -5 + -7.
-5
1 + 0 + 0 - (-9 - -14)
-4
Evaluate 3 - (11 - (-1 + 4)).
-5
What is the value of 18 + (-14 - (-7 - -2))?
9
0 - (-5 - (2 + -5)) - 4
-2
9 - (-5 - -12 - 4) - 0
6
Calculate (11 - 16) + (2 - 1).
-4
Evaluate (17 - -1) + 21 + -29.
10
Calculate 11 + (-12 - (-6 - -8)).
-3
What is -8 + (3 - -3 - 3) - -3?
-2
What is the value of 2 + 2 + -12 + 6 + -1?
-3
Evaluate 3 + (4 + -4 - 4).
-1
What is the value of -1 + 0 + 0 + -1?
-2
(3 - (4 + -7)) + -3
3
What is the value of -12 - (-1 + 0) - (-26 - -24)?
-9
What is -12 + (-5 - -17) - (0 + 1)?
-1
Evaluate -76 + 69 + 0 + -1 + -2.
-10
What is -31 + 39 - (11 - 1)?
-2
What is (4 - 8) + (1 - (3 - 6))?
0
Evaluate (4 - 0 - (-4 + 2)) + -3.
3
What is 3 - (6 + -9 + 2 + 4)?
0
Evaluate (1 + -2 - (26 + -20)) + 5.
-2
What is 7 - 13 - -1 - (0 - -1)?
-6
Calculate (-7 - 2) + -3 + 4.
-8
What is 0 + (2 - (2 + (2 - 3)))?
1
Evaluate 0 - (-4 + 3) - 4 - -2.
-1
What is -1 - (-8 + 5 - -1)?
1
1 + -4 + 0 + (-404 - -406)
-1
-3 + (3 - 1) - (9 - 6)
-4
What is 2 + (0 - (1 - 1 - -4))?
-2
Calculate (-1 - -6 - -1) + -1.
5
Calculate 4 + -31 - -11 - -12.
-4
Evaluate -3 - (0 - (-8 + 13 - 10)).
-8
What is (-8 - 3) + 7 - -5?
1
What is 2 + -6 + 4 + 1 - 0?
1
Evaluate (1 - (6 - 1 - 0)) + 3.
-1
What is (0 - -1) + 0 + -31 + 30?
0
Evaluate (8 - -1) + (3 - (-9 + 16)).
5
Evaluate -1 - ((-5 + 11 - -2) + -7).
-2
What is the value of (-1 + 5 - 6) + 5 - 0?
3
0 + (-7 - -12) - (0 + 1)
4
61 + -68 - (-1 - 6)
0
Calculate 192 + -197 - (-4 + 0).
-1
Evaluate -1 - (-3 - 0) - (-18 + 17).
3
What is the value of 0 - 0 - (-10 - -9 - -1)?
0
What is 3 + -8 - -6 - -3?
4
What is 3 - (5 + -7 - (12 - 9))?
8
-1 - -1 - (-1 - -2 - -4)
-5
Evaluate -1 + (-6 - -1) - -8.
2
Calculate 13 + -5 - (-13 + 12).
9
16 + -7 - (-6 + 14)
1
What is the value of 0 - (2 - 4) - 3?
-1
Evaluate (3 - (-4 - -13)) + (2 - 1).
-5
3 + -3 - -4 - 6
-2
Calculate -200 + 197 + -1 + -6.
-10
What is (-5 + 3 - 2 - -1) + 6?
3
-1 + -1 - (-3 - -1 - 5)
5
What is -2 + (3 - 4) - 1?
-4
Calculate 6 + (-1 - -1 - 8).
-2
What is the value of (-9 - -5) + 7 + 4?
7
Evaluate (6 - 11) + 10 + 0 + 2.
7
-5 + (-3 - (-7 + 4))
-5
What is 8 + 0 - (-4 + 7 + 2)?
3
What is the value of -7 + (0 - 4) + -1 + 10?
-2
Evaluate (0 - (1 - -1)) + -12 + 15.
1
Evaluate 3 + 1 + (-4 - (1 + -3)).
2
Calculate 3 - (11 - -1) - -4.
-5
Calculate -1 + (-10 - (7 + -11)) + 6.
-1
What is the value of -6 + (2 - -2 - 0)?
-2
Calculate -4 - (-5 + -1) - -1.
3
Calculate (-1 - -1) + (-1 - (-3 - -4)).
-2
What is (-2 - (1 + 2)) + -1?
-6
Evaluate (9 - (-10 + 17)) + -10.
-8
Evaluate -5 + 1 - (2 + (-6 - -2)).
-2
(3 - 11 - -4) + 1
-3
-3 + -3 - -6 - 5
-5
-4 + -1 - -10 - 0
5
What is 2 + 2 - (-34 + 39)?
-1
What is (1 + 7 - 1) + -3?
4
Calculate (-1 - -3) + (-5 - 0).
-3
Calculate (-2 + 3 - -4) + 1 - 12.
-6
Evaluate 9 + -8 + -2 + 2.
1
What is the value of (-13 - (-4 - 8)) + 5?
4
Calculate -3 + 2 + (-3 - (-3 + 0)).
-1
What is the value of -9 + 0 - -10 - 7?
-6
Calculate -1 + 3 + -4 + (0 - 0).
-2
Evaluate -2 + 2 - 3 - (-14 - -14).
-3
4 + 4 + -8 + 0
0
What is 6 + -1 - (1 - -6)?
-2
What is the value of -13 + 22 + -23 + 16?
2
Evaluate (8 - 15) + (0 - -7).
0
What is -4 + -1 - -14 - 4?
5
What is the value of (2 - 4) + -3 + 10 + -8?
-3
Evaluate 1 + (-6 - 0 - -1).
-4
What is -1 - (3 - 6 - (-1 + 3))?
4
Calculate -2 - (-4 + 2 - (1 + -3)).
-2
What is the value of -6 + (-7 - -20) - 8?
-1
11 + -5 + 2 - 5
3
What is -1 + 2 + 5 + -8 + 5?
3
1 + 6 + 0 + -12
-5
153 + -157 - (6 + 0)
-10
Calculate 1 - (2 + 0 + -2 + 6).
-5
Evaluate 0 - (0 + 1 - (-2 - -2)).
-1
-7 + (15 - 1) + (-4 - -1)
4
What is the value of -129 + 123 + -2 + 9?
1
Calculate -7 - -1 - (-1 + -1).
-4
Evaluate (0 - 0 - -2) + (-9 - -9).
2
What is 8 + -12 - (-20 + 15)?
1
Evaluate (1 + -3 - -1) + 4 + -1.
2
What is the value of (1 - (8 - -1)) + 3 + 6?
1
Evaluate -1 - -1 - (13 + -5 + -1).
-7
0 + 3 + (-2 - (-2 + 2))
1
What is the value of -2 - (-3 - (5 - 4))?
2
What is the value of (3 - (8 + -2)) + 7 + -9?
-5
2 + -4 + 9 + -6
1
(0 - -2 - -2) + -4
0
What is -2 + -4 + 0 + 10 + -4?
0
Calculate (0 - 0) + 7 + -2 + -5.
0
-3 - (-4 - -4) - (2 + 3)
-8
7 + (-5 - -3 - 0)
5
-3 + 6 - (-4 + 4)
3
Evaluate 3 - 1 - (0 - 3 - -7).
-2
(-10 - 0) + 10 + (2 - -2)
4
What is the value of 1 + 3 + 4 + -8 + 5?
5
(1 - -2) + -1 - -5
7
What is 22 - (-5 + 32 - 14)?
9
Calculate 40 + -46 + (0 + 1 - -9).
4
Evaluate 3 + -4 + 5 + -4 + -3.
-3
What is the value of 1 - (1 + 0 - 4)?
4
What is the value of (9 - 5 - 0) + -1?
3
Evaluate (2 - -4) + (-5 - -16 - 11).
6
Calculate (-11 - -11) + (4 - 2).
2
Evaluate 2 + 0 + 2 - 3.
1
-6 - (-7 + 14 + -14)
1
Calculate 3 - -5 - 1 - (4 + -3).
6
What is 2 - (-3 + (1 - -1) + 2)?
1
Evaluate -1 + 3 + (42 - 37).
7
Calculate (-5 - -3 - -3) + 2.
3
Evaluate (6 + -3 - 4) + 4 + -10.
-7
What is 2 + -4 + 0 - (-1 + 0)?
-1
Calculate (2 - 0) + 1 + 15 + -13.
5
Evaluate 11 - (12 - (7 + -1)).
5
What is the value of -2 - (4 - 9) - -2?
5
Evaluate 0 + -3 + 1 - 2.
-4
What is the value of -1 - (2 - -1 - (1 - -5))?
2
Calculate -99 + 96 - (1 + -5).
1
Calculate (14 - -4) + -8 + -1.
9
Calculate -2 - (1 - (-3 - -4)) - 2.
-4
What is -2 + 5 - ((-3 - 5) + 9)?
2
What is -1 + (1 - (-4 + 4)) + -1?
-1
Calculate -36 - -35 - (-5 + 4).
0
18 - 14 - (5 - 0)
-1
Calculate -4 - 8 - -4 - -1 - -6.
-1
Calculate 1 - 5 - (-4 + 4 - 3).
-1
-4 + (11 - (-4 + 13))
-2
Evaluate 3 + -5 + 10 + -6.
2
What is the value of (0 - 8) + (24 - -4 - 25)?
-5
Evaluate (-9 - -1) + 9 + 1.
2
Calculate 3 - (0 + 1 + 0 - 2).
4
What is 10 + -11 + 2 + (-1 - 0)?
0
-12 - -9 - -11 - 3
5
Evaluate -2 + (-2 + 3 - 4).
-5
Evaluate 5 - (1 + 7 + -3 - -1).
-1
Calculate 17 + (1 - 22) + 0 + 3.
-1
3 + (-3 - (-2 + 3))
-1
Evaluate -10 - 10 - -9 - -10.
-1
What is (-2 - 0) + -3 + 3?
-2
12 + 0 + 45 + -54
3
What is the value of 8 - (-7 + -7 + 24 + -2)?
0
-8 + (-5 - (8 + -27))
6
What is the value of -48 + 33 - (-12 - -4)?
-7
What is (-1 - (-2 + 6 + -8)) + -7?
-4
What is the value of -7 + 20 + -6 + -5?
2
14 + -13 + -6 + 0
-5
Calculate -2 + 1 - (5 + -2 - -3).
-7
What is the value of 1 - (0 - -4 - 4)?
1
What is the value of -7 - (-1 + 8 + 0 + -11)?
-3
What is 0 + 15 + -14 - (4 + 0)?
-3
-1 - (-1 + 5 + (-36 - -32))
-1
Calculate -4 + 3 + -6 - -7.
0
What is -11 + 11 - -6 - 6?
0
10 + (-23 - (-8 + 3))
-8
What is the value of -12 + 12 + -1 + -1 + 1?
-1
(-1 - -5) + -3 + 9 + -11
-1
Evaluate -3 + (-9 - (2 - 0 - 6)).
-8
2 + -2 + 10 + -4
6
Calculate (-2 - 1) + -4 + 6 - 3.
-4
Evaluate (-5 + 1 + 4 - 0) + 3.
3
(2 - 3) + -4 + 0 + 0
-5
(2 - 1 - (-3 - -5)) + 1
0
Evaluate (-4 - -7) + -5 + -1 + 5.
2
-8 + (13 + 1 - 8)
-2
(3 + -4 - 2) + 0
-3
What is (1 - (-2 + 1) - 5) + -1?
-4
What is (-7 + (7 - 6) - -4) + 3?
1
Evaluate 46 + -38 + 0 + -8.
0
Evaluate (1 - (5 - 3)) + 2.
1
Evaluate 9 + (-1 - 10) + 6.
4
Evaluate 0 - (-1 - 2 - 0) - -1.
4
What is -21 + 6 + (8 - -15)?
8
Evaluate 11 + -3 - (1 + 2 - 0).
5
Evaluate (-1 - 2 - (-1 - 9)) + 0.
7
-1 + 0 + (22 - 24)
-3
What is the value of -7 + 7 + -1 + -6 + 3?
-4
What is 5 - (3 - (1 + -5 + 6))?
4
Evaluate 2 - (2 - (-4 - -3)).
-1
Evaluate (-35 + 17 - -22) + (-3 - -1).
2
-5 - (6 + -2 + 1 + -9)
-1
Calculate (17 - 14) + (-3 - 5).
-5
Calculate -5 + (-4 - -3) - (-1 + -2).
-3
What is 5 - 11 - (-7 - -5)?
-4
What is -40 + 52 + -8 + -1?
3
What is the value of -4 + 7 + -1 - -3?
5
Evaluate 19 + -9 + 5 + -7.
8
What is -4 + 7 + 0 + -2 + -2?
-1
Evaluate 8 + -10 - (-7 + (0 - 1)).
6
Evaluate 4 + (0 - -1) - (8 + 1).
-4
Calculate -4 - 12 - -12 - (-3 - 2).
1
-11 + 16 + -3 + 1 - 1
2
Calculate -5 - (-8 - (0 + 0)).
3
Evaluate -5 + (6 - 0) + -5 + 7.
3
-1 - 1 - (4 + -9)
3
Calculate 1 + (3 + 1 - (11 + -9)).
3
What is the value of 16 + (37 - 49) + (-2 - -6)?
8
What is (-7 - -2) + (4 - 2) + -1?
-4
(4 - (-4